4))/((-2)/52). Let p = z + 18. Suppose 4*a - 69 = 3*u, -4*u + 15 = -p*a + 102. What is the remainder when 43 is divided by a?
13
Let y = 11 + -6. Suppose -y*q + 0*f + 28 = 2*f, 0 = 4*q - f - 12. Calculate the remainder when 10 is divided by q - 0/(-1 - -4).
2
Suppose -3*h = 4*d + 4 - 3, 3*h = -d + 2. Let w(n) = 21*n**3 - n**2 - n + 1. Calculate the remainder when 58 is divided by w(h).
18
Let s = -9 + 10. What is the remainder when 3 is divided by s?
0
Let g(k) = -k**3 + 16*k**2 + 37*k + 10. What is the remainder when 133 is divided by g(18)?
21
Let z = 311 + -194. Suppose 6*x = 9*x - z. Calculate the remainder when x is divided by 14.
11
Suppose 2*q - 9*q + 406 = 0. What is the remainder when 113 is divided by q?
55
Let m = 84 + -54. What is the remainder when m is divided by ((-22)/4)/(1/(-2))?
8
Let u(n) = n - 12. Let g be u(12). Let i(r) = r**2 - 2*r + 22. Let q(s) = s + 64. Calculate the remainder when q(0) is divided by i(g).
20
Suppose 0 = -0*n - 5*n + 10. What is the remainder when 3 is divided by n?
1
Let t = 1 - -1. Let l(w) = 3*w**2 + 8*w + 2 + w**2 - 2*w**t. What is the remainder when l(-6) is divided by 9?
8
Suppose 0 = a + 2*a - 15, 0 = -4*f + 2*a + 30. What is the remainder when 39 is divided by f?
9
Let x(r) = 4*r**2 + 5*r - 4. What is the remainder when 18 is divided by x(1)?
3
Let b(q) = -q**2 + 4*q + 6. Suppose -4*t - 36 = -2*o - 6, 2*t = -8. Suppose -4*j = -o + 3. What is the remainder when b(5) is divided by j?
0
Suppose 7*c - 293 = -4*d + 2*c, -d = -2*c - 70. Calculate the remainder when d is divided by 25.
22
Let b(g) = -g**3 - 5*g**2 + 4. Let w(n) = -3*n + 6. Let k be w(4). Calculate the remainder when b(-5) is divided by (-33)/(-9) - (-4)/k.
1
Suppose 24 = 6*d - 2*d. Let j(x) = -3*x - 1. Let q be j(-1). What is the remainder when q/4 - 42/(-4) is divided by d?
5
Suppose -p - 5*f - 37 = -3*p, -4*p + 3*f = -81. What is the remainder when p is divided by (0/2)/(-2) + 8?
5
Let x = -3 - -6. Suppose 5*u - 476 = -5*n + 104, 0 = -x*n - u + 340. Suppose 2*k = -2*k + n. What is the remainder when k is divided by 10?
8
Suppose 3*o = -0*l + 4*l + 3, -25 = -5*o. Suppose t + 2 = -0*t, -l*d + 4*t = -80. What is the remainder when d is divided by 9?
6
Let v(j) = j. Suppose 4*s + 4*a - 24 = 0, -3*s + 25 = 2*s + 4*a. What is the remainder when 3 is divided by v(s)?
0
Suppose 19*u = 21*u - 154. Calculate the remainder when u is divided by 26.
25
Let s be (-2)/11 + 46/11. Let u(m) = m**3 - 3*m**2 + 2. Calculate the remainder when 69 is divided by u(s).
15
Suppose 2*w + 0 = 4. Suppose 0 = 3*v + w*z - 83, 4*z = 2*z + 8. Let x(h) = -9*h**3 + h**2 + h. What is the remainder when v is divided by x(-1)?
7
Let j be (-20)/(1/(6/(-4))). Suppose -j = -k - k. What is the remainder when (-493)/(-17) - 2/2 is divided by k?
13
Suppose k = -5*o + 27, -2*k + 2*o = -10 - 44. Let u = k - 16. Calculate the remainder when -1 - (-4)/4 - -20 is divided by u.
9
Let d = 13 + -8. Suppose b = -0*u - 4*u + 42, d*b = -3*u + 125. Calculate the remainder when b is divided by 8.
6
Let y be (-20)/(-70) - (-9)/(-7). Let n = 0 - -1. Calculate the remainder when 4 + 0 - y/(-1) is divided by n.
0
Suppose -x + 2 = -54. Calculate the remainder when x is divided by 15.
11
Let s(i) = 2*i**2 + 1. Suppose -18*a + 19*a = -3*q + 157, q - 57 = 2*a. Calculate the remainder when q is divided by s(-3).
15
Suppose 475 = -10*t + 11*t. Suppose 5*k - t = -0*k. Calculate the remainder when k is divided by 24.
23
Suppose -i - 2*f = -13, -12 = 2*i - 5*i + 3*f. Calculate the remainder when 19 is divided by i.
5
Calculate the remainder when 2*(-2 - 0)/(8/(-186)) is divided by 32.
29
Suppose 4 = 2*v - 0. Let w be -1 - ((-3 - v) + 2). Suppose w*p - 25 = -7. Calculate the remainder when 34 is divided by p.
7
Suppose 4*t = 5*p - 15, p + p - 8 = 2*t. Calculate the remainder when 35 is divided by ((-5)/(-10))/(p/(-26)).
9
Let x be (-22)/(-3) + (-4)/(-6). Suppose 20 = x*j - 7*j. What is the remainder when j is divided by 7?
6
Let h(x) be the first derivative of 5*x**3 - x**2 + x - 2. Let l be h(1). Let d = -5 + l. Calculate the remainder when 26 is divided by d.
8
Suppose -120 = 4*i - 0*i. Let s = i + 37. What is the remainder when s is divided by 4?
3
Suppose 5*u - 77 = -3*j, 9 = -2*j + 5*u + 52. Calculate the remainder when 91 is divided by j + (-4)/(16/4).
22
Let l be 4*1*(-10)/(-20). Suppose -5*i + 17 = g, 1 = -5*g - 3*i - l. Calculate the remainder when 11 is divided by ((-20)/6 + 2)*g.
3
Let q = -52 - -61. Let v(d) = -17*d - 1. What is the remainder when v(-2) is divided by q?
6
Suppose 41 = 2*d - 0*v + 3*v, 29 = 3*d - 2*v. Calculate the remainder when 62 is divided by d.
10
Suppose 5*b + 2*h = 2*b + 19, -4*b - 4*h = -20. Let r(m) = m**2 - 5*m - 10. What is the remainder when r(9) is divided by b?
8
Suppose -3*a + 3*j + 28 = -149, 4*a + 2*j = 206. Suppose 0 = n + n - a. Calculate the remainder when 52 is divided by n.
25
Suppose 0 = -2*a - 3*p + 143, -4*a + 4*p + 298 = 6*p. What is the remainder when a is divided by 13?
11
Let j(z) = 7*z**2 - 5*z + 12. Calculate the remainder when j(4) is divided by 35.
34
Let t(g) = g + 10 - 10. Let i be t(4). Let o = -2 + i. What is the remainder when 2 is divided by o?
0
Let y(p) = 3*p**2 - 2*p - 6. Calculate the remainder when 73 is divided by y(3).
13
Suppose 6*f - f = 0. Suppose f*g - 9 = -3*g. What is the remainder when 7 is divided by g?
1
Let u(p) = -21*p - 5. Calculate the remainder when 60 is divided by u(-1).
12
Let o be 1 + (1 + 2 - 2). Suppose -5*u = -o*i - 87, 5*u - 58 = -4*i + 23. Suppose -5 - 6 = -2*d - a, -3*a - 3 = 0. What is the remainder when u is divided by d?
5
Suppose -r + 5*r - 68 = 0. Let o(i) = i**3 + 4*i**2 - 7*i + 1. Calculate the remainder when o(-3) is divided by r.
14
Suppose -291 - 259 = -22*x. Calculate the remainder when 121 is divided by x.
21
Suppose 6*j = -5*j + 1298. What is the remainder when j is divided by 15?
13
Suppose -3*k = -3*y - 42, -3*k + 60 = 2*y + y. Calculate the remainder when k is divided by 7.
3
Suppose -5*m - 47 = -2. Let z be 3*(0/1 + m). Let v = z - -40. Calculate the remainder when 25 is divided by v.
12
Let j(i) = i + 39. What is the remainder when j(3) is divided by 24?
18
Let i be (7 + -2)*(-4)/(-5). Suppose -i*v + 5*v = 7. Let x(t) = 2*t**2 - 2*t + 20. What is the remainder when x(0) is divided by v?
6
Suppose 13 + 12 = 5*k. Let b = k + -2. Suppose 2*s = 3*g - 18, -2*g + 19 = -3*s + 4*s. What is the remainder when g is divided by b?
2
Let g(b) = b**3 - 7*b**2 + 4*b - 22. What is the remainder when 75 is divided by g(7)?
3
Let k = 13 + -6. Let d(r) = -r**3 + 5*r**2 - 3. What is the remainder when d(4) is divided by k?
6
Let g = -167 + 246. Calculate the remainder when g is divided by 14.
9
Let f be (-1)/4 + (-9)/(-4). Suppose -f*z + z = 0. Suppose -3*h - 4*c + 2 = -0*h, 4*h - 5*c - 44 = z. What is the remainder when 15 is divided by h?
3
Calculate the remainder when 4 is divided by -5*((-36)/(-15) - 3).
1
Suppose 0 = -2*b - 7*b + 189. What is the remainder when 62 is divided by b?
20
Let y be 3 + 1/(3/6). Let l = -4 - -9. Calculate the remainder when 43/5 + 2/y is divided by l.
4
Let k = 4 + 14. Let r = 26 - 16. What is the remainder when k is divided by r?
8
Suppose -34 = 11*s - 320. What is the remainder when s is divided by 14?
12
Let a(d) = -d**2 - 2*d - 5. Let j be a(-4). Let h = j - -23. What is the remainder when 17 is divided by h?
7
Let m(p) = p**3 - 5*p**2 + 4*p - 1. Suppose a = -5*l + 20, -3*l - 10 - 1 = -4*a. Calculate the remainder when m(a) is divided by 11.
8
Let d be 1 + 0 + (-1 - 0). Let j = 15 + d. What is the remainder when 29 is divided by j?
14
Let m = -88 - -149. Calculate the remainder when m is divided by 31.
30
Let u = -4 - -8. Suppose -25 = 5*l, u*d - 90 = -d - 3*l. Suppose 0 = -3*w + 5*y + 18, w - 6*w + 40 = -5*y. What is the remainder when d is divided by w?
10
Suppose 0 = -12*p + 10*p - 12. What is the remainder when 6 is divided by (-26)/p - 2/6?
2
Let g = 43 + -7. What is the remainder when g is divided by 22?
14
Let m(k) = 7*k**3 + k**2 - 4*k + 3. Let i be (19/2)/((-4)/(-16)). Let o = i + -19. Calculate the remainder when m(2) is divided by o.
17
Suppose -5*s + 97 = 4*l - 47, -s = 4*l - 16. Suppose 3*b + s = 107. Suppose -4*y = y - b. What is the remainder when 9 i